{"id":343,"date":"2024-10-23T12:32:17","date_gmt":"2024-10-23T17:32:17","guid":{"rendered":"https:\/\/admision.unsa.edu.pe\/ceprunsa\/?page_id=343"},"modified":"2025-08-28T16:50:58","modified_gmt":"2025-08-28T21:50:58","slug":"ceprunsa-ordinario","status":"publish","type":"page","link":"https:\/\/admision.unsa.edu.pe\/ceprunsa\/ceprunsa-ordinario\/","title":{"rendered":"Ceprunsa I y II Fase"},"content":{"rendered":"<p data-start=\"42\" data-end=\"328\">El Proceso de Admisi\u00f3n CEPRUNSA I y II Fase, organizado por la Universidad Nacional de San Agust\u00edn de Arequipa (UNSA), est\u00e1 dirigido a egresados y a estudiantes que cursan actualmente 5.\u00ba de secundaria. Su finalidad es brindar una v\u00eda directa para ingresar a esta prestigiosa casa de estudios.<\/p>\n<p data-start=\"330\" data-end=\"489\">La modalidad vigente consiste en una sola evaluaci\u00f3n de conocimientos presencial, que permite evaluar con precisi\u00f3n los conocimientos y competencias de los postulantes.<\/p>\n<p data-start=\"491\" data-end=\"657\" data-is-last-node=\"\" data-is-only-node=\"\">Como complemento a la preparaci\u00f3n, CEPRUNSA ofrece talleres y seminarios tem\u00e1ticos de reforzamiento y orientaci\u00f3n.<\/p>\n","protected":false},"excerpt":{"rendered":"<p>El Proceso de Admisi\u00f3n CEPRUNSA I y II Fase, organizado por la Universidad Nacional de San Agust\u00edn de Arequipa (UNSA), est\u00e1 dirigido a egresados y a estudiantes que cursan actualmente 5.\u00ba de secundaria. Su finalidad es brindar una v\u00eda directa para ingresar a esta prestigiosa casa de estudios. La modalidad vigente consiste en una sola [&hellip;]<\/p>\n","protected":false},"author":3,"featured_media":552,"parent":0,"menu_order":0,"comment_status":"closed","ping_status":"closed","template":"","meta":{"_acf_changed":false,"footnotes":""},"class_list":["post-343","page","type-page","status-publish","has-post-thumbnail","hentry"],"acf":[],"_links":{"self":[{"href":"https:\/\/admision.unsa.edu.pe\/ceprunsa\/wp-json\/wp\/v2\/pages\/343","targetHints":{"allow":["GET"]}}],"collection":[{"href":"https:\/\/admision.unsa.edu.pe\/ceprunsa\/wp-json\/wp\/v2\/pages"}],"about":[{"href":"https:\/\/admision.unsa.edu.pe\/ceprunsa\/wp-json\/wp\/v2\/types\/page"}],"author":[{"embeddable":true,"href":"https:\/\/admision.unsa.edu.pe\/ceprunsa\/wp-json\/wp\/v2\/users\/3"}],"replies":[{"embeddable":true,"href":"https:\/\/admision.unsa.edu.pe\/ceprunsa\/wp-json\/wp\/v2\/comments?post=343"}],"version-history":[{"count":15,"href":"https:\/\/admision.unsa.edu.pe\/ceprunsa\/wp-json\/wp\/v2\/pages\/343\/revisions"}],"predecessor-version":[{"id":562,"href":"https:\/\/admision.unsa.edu.pe\/ceprunsa\/wp-json\/wp\/v2\/pages\/343\/revisions\/562"}],"wp:featuredmedia":[{"embeddable":true,"href":"https:\/\/admision.unsa.edu.pe\/ceprunsa\/wp-json\/wp\/v2\/media\/552"}],"wp:attachment":[{"href":"https:\/\/admision.unsa.edu.pe\/ceprunsa\/wp-json\/wp\/v2\/media?parent=343"}],"curies":[{"name":"wp","href":"https:\/\/api.w.org\/{rel}","templated":true}]}}