{"id":12,"date":"2024-07-04T00:04:36","date_gmt":"2024-07-03T22:04:36","guid":{"rendered":"https:\/\/admision.unsa.edu.pe\/ceprunsa\/?page_id=12"},"modified":"2025-08-28T16:19:32","modified_gmt":"2025-08-28T21:19:32","slug":"presentacion","status":"publish","type":"page","link":"https:\/\/admision.unsa.edu.pe\/ceprunsa\/presentacion\/","title":{"rendered":"Presentaci\u00f3n"},"content":{"rendered":"<p>El <strong>Centro Preuniversitario (CEPRUNSA)<\/strong> de la UNSA tiene como objetivo brindar <strong>preparaci\u00f3n preuniversitaria<\/strong>, orientaci\u00f3n y evaluaci\u00f3n a los postulantes, fortaleciendo sus competencias para alcanzar una de las vacantes de admisi\u00f3n de la Universidad.<br \/>\nEst\u00e1 conformado por un <strong>colegiado docente de tres miembros<\/strong>, uno de los cuales ejerce la <strong>Direcci\u00f3n<\/strong>, garantizando la calidad acad\u00e9mica y la gesti\u00f3n eficiente del Centro.<\/p>\n<h3>Funciones principales<\/h3>\n<ol>\n<li>Planificar y ejecutar la gesti\u00f3n acad\u00e9mica y administrativa del Centro Preuniversitario.<\/li>\n<li>Definir el perfil profesional y conducir la selecci\u00f3n del personal docente y monitores del CEPRUNSA.<\/li>\n<li>Capacitar de manera continua al personal docente, administrativo y monitores para un desempe\u00f1o eficiente.<\/li>\n<li>Dise\u00f1ar, orientar y aplicar evaluaciones diagn\u00f3sticas y\/o preliminares a los postulantes inscritos.<\/li>\n<li>Desarrollar talleres, cursos y programas intensivos de preparaci\u00f3n y reforzamiento.<\/li>\n<li>Acompa\u00f1ar y evaluar el progreso de los alumnos del CEPRUNSA y, cuando corresponda, implementar medidas correctivas mediante talleres y cursos intensivos para asegurar su \u00f3ptimo desempe\u00f1o e ingreso a la Universidad u otras instituciones de educaci\u00f3n superior.<\/li>\n<li>Cumplir las dem\u00e1s funciones que establezca la normativa institucional vigente.<\/li>\n<\/ol>\n","protected":false},"excerpt":{"rendered":"<p>El Centro Preuniversitario (CEPRUNSA) de la UNSA tiene como objetivo brindar preparaci\u00f3n preuniversitaria, orientaci\u00f3n y evaluaci\u00f3n a los postulantes, fortaleciendo sus competencias para alcanzar una de las vacantes de admisi\u00f3n de la Universidad. Est\u00e1 conformado por un colegiado docente de tres miembros, uno de los cuales ejerce la Direcci\u00f3n, garantizando la calidad acad\u00e9mica y la [&hellip;]<\/p>\n","protected":false},"author":1,"featured_media":231,"parent":0,"menu_order":0,"comment_status":"closed","ping_status":"closed","template":"page-imagen.php","meta":{"_acf_changed":false,"footnotes":""},"class_list":["post-12","page","type-page","status-publish","has-post-thumbnail","hentry"],"acf":[],"_links":{"self":[{"href":"https:\/\/admision.unsa.edu.pe\/ceprunsa\/wp-json\/wp\/v2\/pages\/12","targetHints":{"allow":["GET"]}}],"collection":[{"href":"https:\/\/admision.unsa.edu.pe\/ceprunsa\/wp-json\/wp\/v2\/pages"}],"about":[{"href":"https:\/\/admision.unsa.edu.pe\/ceprunsa\/wp-json\/wp\/v2\/types\/page"}],"author":[{"embeddable":true,"href":"https:\/\/admision.unsa.edu.pe\/ceprunsa\/wp-json\/wp\/v2\/users\/1"}],"replies":[{"embeddable":true,"href":"https:\/\/admision.unsa.edu.pe\/ceprunsa\/wp-json\/wp\/v2\/comments?post=12"}],"version-history":[{"count":7,"href":"https:\/\/admision.unsa.edu.pe\/ceprunsa\/wp-json\/wp\/v2\/pages\/12\/revisions"}],"predecessor-version":[{"id":551,"href":"https:\/\/admision.unsa.edu.pe\/ceprunsa\/wp-json\/wp\/v2\/pages\/12\/revisions\/551"}],"wp:featuredmedia":[{"embeddable":true,"href":"https:\/\/admision.unsa.edu.pe\/ceprunsa\/wp-json\/wp\/v2\/media\/231"}],"wp:attachment":[{"href":"https:\/\/admision.unsa.edu.pe\/ceprunsa\/wp-json\/wp\/v2\/media?parent=12"}],"curies":[{"name":"wp","href":"https:\/\/api.w.org\/{rel}","templated":true}]}}